Let t(i) be the first derivative of -i**3/3 - 4*i**2 + 2*i - 18. What is the units digit of t(g)?
9
Suppose 5*a - 637 = j - 5*j, -5*j = 4*a - 785. What is the units digit of j?
3
Let i be -2 - -2 - (0 - -2). Let h(x) be the second derivative of -x**3/3 - 3*x**2/2 + x. What is the units digit of h(i)?
1
Let h(u) be the first derivative of -u**3/3 + u**2/2 + 4*u - 1. Let r = 7 + -7. What is the units digit of h(r)?
4
Suppose -g = -2 + 3. What is the units digit of g/2*(-1 + -5)?
3
Let b(n) = 3*n**2 - 1. Let f be b(1). Suppose -5*y - 3*g + 32 = -0*g, 5*g = f*y + 12. Suppose z + y = 5*z. What is the units digit of z?
1
Let n(b) = -b + 7. Suppose -6 = 5*t + 4. Let a be t/(5/(75/6)). What is the tens digit of n(a)?
1
Suppose x = -1, -5*x = -4*u - x. Let q(w) = w**3 - 7*w**2 - w + 3. Let l be q(7). Let t = u - l. What is the units digit of t?
3
Let s = 5 + -3. Suppose -z + 3 = -s. What is the units digit of z?
5
Let l = 4 - -33. Suppose 0 = -4*w - w + g + l, -5*g - 10 = 0. Let c(s) = s**2 - 7*s + 4. What is the units digit of c(w)?
4
Let k(p) = 3*p + 0*p - 10 + 2*p + 0*p. What is the units digit of k(9)?
5
Let x be 1/((-2)/4) + 5. Suppose -x*h - 3 = -2*h + 2*m, -3*h + 3*m + 27 = 0. Let z(w) = w**2 - 3*w - 1. What is the units digit of z(h)?
9
Let z = 16 + -14. Suppose z*s = -0*s + 62. What is the tens digit of s?
3
Suppose s - 3 = -0. Suppose -v - 18 = -s*v. What is the units digit of v?
9
Let d be ((-4)/5)/((-2)/10). Suppose 0 = 5*k - 3*v - 33, -5*v = -d*k - k + 35. What is the units digit of k/(-10) + 16/10?
1
Suppose q - 64 = 4*x + x, 5*x + 226 = 4*q. What is the units digit of q?
4
Let j be ((-81)/2)/((-27)/36). Suppose 0 = 3*s - j. What is the tens digit of s?
1
Suppose -4*z = 4*p - 10 + 2, 0 = -p - 3*z - 2. Let o = -34 + p. What is the units digit of o/(-8) + (-2)/(-8)?
4
Let c(t) = -t**2 - 11*t - 14. Let h be c(-11). What is the units digit of 24/h*7/(-2)?
6
Let i be 192/5 + (-10)/25. Suppose 4*q = i + 46. What is the tens digit of q?
2
What is the units digit of 805/15 - (-4)/(-6)?
3
Let q = -31 - -71. What is the tens digit of q?
4
Suppose v - 73 + 29 = m, 0 = -2*v - 2*m + 84. What is the units digit of v?
3
What is the units digit of 121 - -1*2 - (9 + -6)?
0
Let t = 9 - 6. What is the units digit of t?
3
Suppose 0 = -2*o + p - 2*p + 427, p + 206 = o. What is the tens digit of o?
1
Let o(k) = k**2 - 7*k + 7. Let z = 7 - 4. Let n = 4 + z. What is the units digit of o(n)?
7
Let p(a) = 3*a - 7. Let i be p(5). Suppose -20 = -i*s + 3*s. Suppose -s*o = k - 17, 2*k - 3*o - 30 = -2*k. What is the units digit of k?
9
Suppose 0 = -2*t - t + 69. What is the units digit of t?
3
Suppose -3*a = -61 + 1. What is the units digit of a?
0
Suppose -3*g + 0*r + 20 = r, -2*g = 4*r - 20. Suppose -u - 10 = -g*u. Suppose 3*f - l = -0*l + 28, u*f - 2*l - 12 = 0. What is the units digit of f?
1
Let y(a) = -a**2 + 5*a + 3. Let b be y(6). Let f be ((-7)/(-5))/(b/(-15)). Suppose f*l = 2*l + 15. What is the units digit of l?
3
Suppose 0 = 3*m - 2*o - 199, -4*o = 4*m - 2*o - 284. What is the units digit of m?
9
Let a(u) = u**2 - 6*u - 13. Let k be a(10). Let y = k + 4. Suppose 5*m + 1 = y. What is the units digit of m?
6
Let y(m) = -m + 2. Suppose 0 = 2*p + i + 25, -3*p + 5*i = i + 10. What is the units digit of y(p)?
2
Let x(m) = m + 4. Let o be x(-6). What is the units digit of o - (-7)/1*1?
5
Let x(d) = -d**2 + d + 3. Let i be x(-2). Let v(h) = -h**2 + 2*h**2 + 4 + h + 0*h**2. What is the units digit of v(i)?
0
Let c(g) = g**3 + 10*g**2 - g - 12. Let k be c(-10). What is the tens digit of 0 + ((-46)/k - 3)?
2
Suppose v - 6*d = -5*d + 164, 0 = v - 3*d - 170. What is the units digit of v?
1
Let o(j) = j + 1. Let c(b) = b**2 + 5*b + 3. Let s(h) = c(h) - 4*o(h). Let l be s(-3). Let z = 12 - l. What is the units digit of z?
7
Let x = -6 - -20. Suppose f - x = -0*f. What is the tens digit of f?
1
Suppose 2*d = 3*d. Let p(g) = g + 5. Let z be p(d). Suppose 0*s + s = z. What is the units digit of s?
5
Let o = 21 + -15. Let c be (-3)/1 - (3 - o). Suppose c = -3*z - 2*z + 65. What is the units digit of z?
3
Suppose 3*n + c - 166 = 0, 0 = -n + 3*c - 8*c + 46. What is the tens digit of n?
5
Let x(z) = -z**3 + 2*z**2 - 8*z + 7*z**2 + z**2 - 1. Let j be -4*(-9)/(-4)*-1. What is the units digit of x(j)?
8
Let u(x) = -5*x. Let w be u(7). Let v = w - -49. What is the units digit of v?
4
Let h be (12/(-15))/((-5)/625). What is the tens digit of (h/(-6))/(14/(-21))?
2
Suppose -14*a + 9*a = -270. What is the units digit of a?
4
Let q be 2*((-196)/(-8))/(-7). Let j(k) = -k**2 - 9*k. What is the tens digit of j(q)?
1
Suppose 6*w = w + 240. Suppose 0 = 4*n - 7*n + w. What is the tens digit of n?
1
Let h(l) = 4*l + 6. Let j be h(6). Suppose -2*d = -4*w + j, 4*d + 3*w + 7 + 9 = 0. Let u = -5 - d. What is the units digit of u?
2
Let p(d) = 75*d**2 - 2*d - 2. What is the tens digit of p(-1)?
7
Let a(g) = 27*g - 72. What is the units digit of a(10)?
8
Let c = -3 - -5. Suppose -3*q + c = -7. Suppose 6 = q*y - 9. What is the units digit of y?
5
Suppose 4*v - 153 = v. What is the tens digit of v?
5
Suppose 8*w - 2653 = -1069. What is the hundreds digit of w?
1
Let w = -5 + 23. Let q = w + 3. What is the units digit of q?
1
Let d = -6 + 33. Let n(g) = g**3 + 7*g**2 - 10*g - 14. Let b be n(-8). Suppose -b*t + d = t. What is the units digit of t?
9
Let a = 120 + -56. What is the tens digit of a?
6
Suppose -5*q + 15 = 0, 0 = -3*f + 2*q - 6*q + 534. What is the units digit of f?
4
Suppose -d - 2*b = -85, -3*d = -0*b - 3*b - 228. What is the tens digit of d?
7
Suppose -2*o = 38 - 14. What is the tens digit of -7*2/14*o?
1
Let u be (-8 + 7)*(-4)/2. Suppose -v + 8 = n, -u*v + 0*n - n = -21. What is the tens digit of v?
1
Let s(o) = 9*o - 2. Let v be s(4). Suppose -3*c - g = 2*c - 74, -v = -c - 5*g. What is the units digit of c?
4
Suppose 0 = -5*z + 2*z + 2*m + 390, 0 = -4*z + 2*m + 520. What is the units digit of z?
0
What is the units digit of (-2)/7 - 80/(-35) - -84?
6
Let w(d) = -d**3 - 7*d**2 + 2*d + 10. What is the units digit of w(-8)?
8
Suppose -3 = r, -4*f + 0*r + 523 = -r. What is the hundreds digit of f?
1
What is the tens digit of (98/(-21))/(2*(-1)/42)?
9
Let b(u) = u**2 + 8*u + 38. What is the tens digit of b(-11)?
7
Suppose y + 2 = 3*y, 0 = -3*l + 4*y + 92. Suppose -3*a = 1 - 13, -l = -2*b - 2*a. What is the tens digit of b?
1
Let p = -8 + 12. Suppose 0 = 2*b - p, -2*y = -3*y - 2*b. Let r(x) = x**3 + 5*x**2 + 2*x - 5. What is the units digit of r(y)?
3
Let i(j) = -7*j - 1. Let z(m) = m. Let l(p) = i(p) - 4*z(p). What is the units digit of l(-2)?
1
Suppose 2*m - 18 - 4 = 0. Suppose 4*l + 17 + 3 = 0, 4*w = -l - 13. Let h = w + m. What is the units digit of h?
9
Let c be (-10)/4*(-8)/10. Suppose -s - c = -3. What is the units digit of s?
1
Suppose -3*q + 4*q = -3*s + 35, s = 2*q - 56. What is the units digit of q?
9
Let x = -19 - -42. Suppose x + 21 = 4*u. What is the units digit of u/(-3)*(0 - 3)?
1
Let j = -41 - -63. Let r = j - 10. What is the units digit of r?
2
Let j(x) = -24*x**3 - x**2 + 1. What is the tens digit of j(-1)?
2
Let d = 8 + -5. Let u(m) = d - m**2 + 0*m**2 + 2*m + 6*m**3 + 0 - 4. What is the units digit of u(1)?
6
Let g be (0 - -1)*(-7 - -15). Let j(a) = a**2 - 5*a - 3. Let l be j(4). Let o = g + l. What is the units digit of o?
1
Let l = 67 - -18. What is the units digit of l?
5
Let v(t) = -t**2 + 11*t + 8. Let y be v(10). Let z = -13 + y. Suppose 77 - z = 4*r. What is the tens digit of r?
1
Let d = 30 + -42. What is the units digit of (-12)/(d/(-8) - 3)?
8
Let w(j) = 2*j + 2 - 1 - 3. Let a be w(3). Suppose -5*m + 14 - a = 0. What is the units digit of m?
2
Let v(y) = -y**2 - 9*y - 7. Let j be v(-6). Suppose 0 = -2*r - 2*w - 16, -5*w - j = 3*r + 17. What is the units digit of 3/(-6)*0 - r?
6
What is the units digit of 592/(-64)*16/(-2)?
4
Let t(n) = -n**3 + 8*n**2 - 7*n. Let a be t(7). Suppose -l + 0*l + 21 = a. What is the tens digit of l?
2
Suppose -k + 5 = 2*f - 4, 0 = 3*f - 4*k - 8. Let q be (-2)/(-2 - f/(-3)). Suppose -2*s = -q*s + 6. What is the units digit of s?
6
What is the hundreds digit of 28/(-21) + (-331)/(-3) + 4?
1
Let r = -250 - -356. What is the hundreds digit of r?
1
Let y = 4 + -4. Suppose 20 = 5*u - y*u. What is the units digit of u?
4
Let x(a) = a + 